{"id":7,"date":"2020-09-22T14:21:49","date_gmt":"2020-09-22T14:21:49","guid":{"rendered":"http:\/\/condomotica.pt\/?page_id=7"},"modified":"2020-12-22T10:10:06","modified_gmt":"2020-12-22T10:10:06","slug":"about","status":"publish","type":"page","link":"https:\/\/condomotica.pt\/?page_id=7","title":{"rendered":"Sobre n\u00f3s"},"content":{"rendered":"\n<p>Com sede na Guarda, trabalhamos para todo o pa\u00eds.<\/p>\n\n\n\n<p>Apoio a projecto, defini\u00e7\u00e3o de equipamentos e funcionalidades e integra\u00e7\u00e3o de sistemas de dom\u00f3tica.<\/p>\n\n\n\n<p>Procuramos as melhores solu\u00e7\u00f5es para os requisitos pedidos, quer em habita\u00e7\u00f5es familiares quer em estabelecimentos comerciais.<\/p>\n\n\n\n<p>Configura\u00e7\u00e3o de controladores dom\u00f3ticos Jeedom e Eedomus compat\u00edveis com comunica\u00e7\u00f5es Z-Wave, Zigbee, Bluetooth, Enocean, LoRa, Wi-Fi&#8230;<\/p>\n","protected":false},"excerpt":{"rendered":"<p>Com sede na Guarda, trabalhamos para todo o pa\u00eds. Apoio a projecto, defini\u00e7\u00e3o de equipamentos e funcionalidades e integra\u00e7\u00e3o de sistemas de dom\u00f3tica. Procuramos as melhores solu\u00e7\u00f5es para os requisitos pedidos, quer em habita\u00e7\u00f5es familiares quer em estabelecimentos comerciais. Configura\u00e7\u00e3o de controladores dom\u00f3ticos Jeedom e Eedomus compat\u00edveis com comunica\u00e7\u00f5es Z-Wave, Zigbee, Bluetooth, Enocean, LoRa, Wi-Fi&#8230;<\/p>\n","protected":false},"author":1,"featured_media":0,"parent":0,"menu_order":0,"comment_status":"closed","ping_status":"closed","template":"","meta":{"footnotes":""},"class_list":["post-7","page","type-page","status-publish","hentry"],"_links":{"self":[{"href":"https:\/\/condomotica.pt\/index.php?rest_route=\/wp\/v2\/pages\/7","targetHints":{"allow":["GET"]}}],"collection":[{"href":"https:\/\/condomotica.pt\/index.php?rest_route=\/wp\/v2\/pages"}],"about":[{"href":"https:\/\/condomotica.pt\/index.php?rest_route=\/wp\/v2\/types\/page"}],"author":[{"embeddable":true,"href":"https:\/\/condomotica.pt\/index.php?rest_route=\/wp\/v2\/users\/1"}],"replies":[{"embeddable":true,"href":"https:\/\/condomotica.pt\/index.php?rest_route=%2Fwp%2Fv2%2Fcomments&post=7"}],"version-history":[{"count":10,"href":"https:\/\/condomotica.pt\/index.php?rest_route=\/wp\/v2\/pages\/7\/revisions"}],"predecessor-version":[{"id":123,"href":"https:\/\/condomotica.pt\/index.php?rest_route=\/wp\/v2\/pages\/7\/revisions\/123"}],"wp:attachment":[{"href":"https:\/\/condomotica.pt\/index.php?rest_route=%2Fwp%2Fv2%2Fmedia&parent=7"}],"curies":[{"name":"wp","href":"https:\/\/api.w.org\/{rel}","templated":true}]}}